{"id":6578,"date":"2020-06-01T17:12:59","date_gmt":"2020-06-01T15:12:59","guid":{"rendered":"http:\/\/netpehh.cluster028.hosting.ovh.net\/?page_id=6578"},"modified":"2020-12-17T12:37:15","modified_gmt":"2020-12-17T11:37:15","slug":"filiere-efficacite-energetique-dans-le-batiment","status":"publish","type":"page","link":"https:\/\/ifmeree.ac.ma\/?page_id=6578","title":{"rendered":"Fili\u00e8re Efficacit\u00e9 Energ\u00e9tique"},"content":{"rendered":"","protected":false},"excerpt":{"rendered":"","protected":false},"author":1,"featured_media":0,"parent":0,"menu_order":0,"comment_status":"closed","ping_status":"closed","template":"","meta":{"footnotes":""},"class_list":["post-6578","page","type-page","status-publish","hentry"],"_links":{"self":[{"href":"https:\/\/ifmeree.ac.ma\/index.php?rest_route=\/wp\/v2\/pages\/6578","targetHints":{"allow":["GET"]}}],"collection":[{"href":"https:\/\/ifmeree.ac.ma\/index.php?rest_route=\/wp\/v2\/pages"}],"about":[{"href":"https:\/\/ifmeree.ac.ma\/index.php?rest_route=\/wp\/v2\/types\/page"}],"author":[{"embeddable":true,"href":"https:\/\/ifmeree.ac.ma\/index.php?rest_route=\/wp\/v2\/users\/1"}],"replies":[{"embeddable":true,"href":"https:\/\/ifmeree.ac.ma\/index.php?rest_route=%2Fwp%2Fv2%2Fcomments&post=6578"}],"version-history":[{"count":5,"href":"https:\/\/ifmeree.ac.ma\/index.php?rest_route=\/wp\/v2\/pages\/6578\/revisions"}],"predecessor-version":[{"id":7218,"href":"https:\/\/ifmeree.ac.ma\/index.php?rest_route=\/wp\/v2\/pages\/6578\/revisions\/7218"}],"wp:attachment":[{"href":"https:\/\/ifmeree.ac.ma\/index.php?rest_route=%2Fwp%2Fv2%2Fmedia&parent=6578"}],"curies":[{"name":"wp","href":"https:\/\/api.w.org\/{rel}","templated":true}]}}